e number?
True
Is 189530191 prime?
False
Is 4601725511 prime?
False
Is 58179271147 prime?
False
Is 107035427 composite?
True
Is 384943271 composite?
False
Is 8092350157 prime?
True
Is 1397013829 a prime number?
True
Is 41637618649 a composite number?
True
Is 45201830221 prime?
False
Is 6986472547 a composite number?
False
Is 10857392209 prime?
False
Is 1314271433 a composite number?
True
Is 6518929763 composite?
False
Is 5105509501 a composite number?
False
Is 149859067 a prime number?
True
Is 1985678014 a prime number?
False
Is 41066799863 prime?
False
Is 82171544069 a prime number?
False
Is 2884037609 composite?
False
Is 88498114763 prime?
True
Is 669991381 a composite number?
False
Is 1564813949 prime?
False
Is 22883650909 prime?
False
Is 1461032231 a composite number?
False
Is 1286837381 prime?
True
Is 22945596623 prime?
True
Is 52817808319 a composite number?
False
Is 17538332267 a composite number?
False
Is 24694883999 a prime number?
True
Is 7425469267 a composite number?
False
Is 10938416537 composite?
True
Is 1232546291 composite?
True
Is 52781706113 a prime number?
True
Is 102150073 composite?
False
Is 73090608281 composite?
False
Is 2269910383 a composite number?
True
Is 219114729143 a composite number?
False
Is 480632371 composite?
True
Is 44351397817 prime?
True
Is 2958637589 a prime number?
True
Is 1145480923 a composite number?
False
Is 636998053 composite?
True
Is 16284325643 composite?
False
Is 30384652913 prime?
True
Is 9954934573 prime?
True
Is 181302918821 a composite number?
False
Is 179975560553 composite?
False
Is 3809516651 a composite number?
False
Is 145487127 a prime number?
False
Is 3485200151 a composite number?
True
Is 138117907 composite?
True
Is 189491327 prime?
True
Is 9587519063 a prime number?
True
Is 31604281 prime?
True
Is 25857011993 prime?
True
Is 8304131753 prime?
True
Is 61272861449 a composite number?
True
Is 437125595 a composite number?
True
Is 45071479 a prime number?
True
Is 3297272051 a prime number?
False
Is 2725348687 composite?
False
Is 921198899 a prime number?
False
Is 514581629 a prime number?
False
Is 8627499539 prime?
True
Is 6236580671 a prime number?
True
Is 6320213869 a composite number?
True
Is 554697953 prime?
True
Is 386801627 prime?
True
Is 19004194571 a composite number?
False
Is 1264309171 composite?
True
Is 136545151 composite?
False
Is 18761999699 a composite number?
True
Is 3304318847 prime?
True
Is 5621723539 a prime number?
True
Is 798136067 a composite number?
False
Is 75501121 prime?
True
Is 9413238977 a composite number?
True
Is 8587460069 a prime number?
True
Is 2420838349 a prime number?
True
Is 3432344297 prime?
False
Is 2743569039 composite?
True
Is 15051534298 prime?
False
Is 6812607941 composite?
False
Is 7217963587 composite?
True
Is 37524861397 prime?
True
Is 2443148153 composite?
False
Is 97934876321 a prime number?
False
Is 14938613747 prime?
True
Is 4367071757 composite?
False
Is 111787201 prime?
True
Is 6855092827 a prime number?
False
Is 1145950151 prime?
True
Is 1609145311 a composite number?
False
Is 8709403267 composite?
False
Is 3661673 a prime number?
True
Is 116992962115 composite?
True
Is 968383133 prime?
True
Is 399904919 composite?
False
Is 5199518579 a prime number?
True
Is 22015563067 prime?
False
Is 23306683 a composite number?
True
Is 1136027161 composite?
True
Is 110046569641 a composite number?
False
Is 112125863279 prime?
False
Is 37802066447 a composite number?
False
Is 41863050701 prime?
True
Is 16963806787 prime?
True
Is 2435812723 composite?
True
Is 6963094531 a prime number?
True
Is 192703685711 composite?
False
Is 10744815041 a composite number?
False
Is 10195494343 a prime number?
True
Is 11757510833 a prime number?
False
Is 187872857 prime?
True
Is 2841636341 a composite number?
False
Is 76307501 a prime number?
True
Is 812798027 prime?
True
Is 19293971743 a composite number?
True
Is 31150821731 composite?
False
Is 2736565289 a composite number?
True
Is 1161382867 prime?
True
Is 113654137 composite?
False
Is 34270774991 a composite number?
True
Is 978626557 a prime number?
True
Is 878634833 a composite number?
True
Is 6477123589 composite?
True
Is 8797579403 a composite number?
True
Is 14343661439 a prime number?
True
Is 366668249 composite?
True
Is 1828641161 prime?
True
Is 7294027199 composite?
False
Is 3381548861 a prime number?
False
Is 2191144267 prime?
False
Is 13063999951 a composite number?
True
Is 677750433 a prime number?
False
Is 1613062331 prime?
False
Is 488490697 composite?
False
Is 3647776553 prime?
True
Is 48105215 a prime number?
False
Is 4352990227 a composite number?
False
Is 2893743431 composite?
False
Is 339114961 a composite number?
True
Is 239860803005 a composite number?
True
Is 34516849186 prime?
False
Is 165082823 a composite number?
True
Is 24439007 prime?
False
Is 438365407 prime?
False
Is 512304379571 a prime number?
True
Is 79658500589 prime?
False
Is 164585050213 prime?
False
Is 118295045321 prime?
True
Is 64301307241 a prime number?
False
Is 1018470407 prime?
False
Is 403805693 composite?
False
Is 89827109701 a prime number?
False
Is 38934590933 a prime number?
False
Is 147168818 a composite number?
True
Is 13519537739 a composite number?
False
Is 720840431 prime?
True
Is 30095410889 prime?
True
Is 563265922 a composite number?
True
Is 4894160599 prime?
True
Is 27655843469 a prime number?
False
Is 93093641 prime?
False
Is 4958786761 a prime number?
False
Is 10020675853 a prime number?
False
Is 1669485059 prime?
False
Is 859144931 a composite number?
True
Is 64579845703 a composite number?
True
Is 592409487 composite?
True
Is 4966252107 a composite number?
True
Is 444400679 a prime number?
True
Is 72519563735 a composite number?
True
Is 22355691929 a prime number?
False
Is 7085206741 composite?
True
Is 226789896521 composite?
False
Is 186435016189 a prime number?
True
Is 711272759 a prime number?
True
Is 474616949 composite?
False
Is 122612659193 composite?
True
Is 54933740989 composite?
False
Is 10188214501 a prime number?
False
Is 38962379993 prime?
False
Is 89817724153 composite?
False
Is 18968390117 prime?
False
Is 1025506201 a composite number?
False
Is 4873364927 prime?
True
Is 3643869263 a prime number?
True
Is 6654953023 a prime number?
True
Is 74688555329 prime?
False
Is 1471005841 a composite number?
False
Is 8723126449 prime?
True
Is 24739321 a prime number?
False
Is 149023673 composite?
False
Is 35637001 a composite number?
True
Is 264472031 prime?
True
Is 137769661 a composite number?
True
Is 6997621363 a composite number?
False
Is 1295791271 a prime number?
True
Is 102961973 composite?
False
Is 16969938607 a prime number?
False
Is 452784931 prime?
False
Is 4423897223 a prime number?
True
Is 6517081943 prime?
True
Is 2808105233 prime?
True
Is 44652847 a prime number?
True
Is 25491795319 a composite number?
True
Is 318023285 a prime number?
False
Is 17280839143 a composite number?
False
Is 1505805781 a composite number?
False
Is 631015015 composite?
True
Is 78506312138 composite?
True
Is 32771972533 a prime number?
False
Is 5679604951 a prime number?
True
Is 2292777667 a composite number?
True
Is 138529593347 a prime number?
True
Is 23523378919 prime?
False
Is 5843184679 composite?
False
Is 13486972517 composite?
False
Is 2043061157 prime?
True
Is 8909589907 a prime number?
False
Is 1156248343 a prime number?
True
Is 114973681 composite?
True
Is 16423638901 prime?
False
Is 24313900099 prime?
False
Is 1006629887 composite?
True
Is 1897039111 a prime number?
False
Is 1340653159 composite?
True
Is 2876156917 prime?
False
Is 23989647299 a composite number?
False
Is 56769618551 a composite number?
False
Is 8461512139 a composite number?
False
Is 52327849349 a prime number?
False
Is 22759245947 prime?
False
Is 24577655647 prime?
True
Is 73652920151 a composite number?
False
Is 56956844261 prime?
True
Is 1801987477 prime?
False
Is 303932617 prime?
True
Is 4961570689 a composite number?
True
Is 18635198837 a prime number?
False
Is 2193003649 a composite number?
True
Is 985292177 a prime number?
False
Is 25301971 composite?
True
Is 1985442703 composite?
True
Is 1091778689 composite?
True
Is 1182711161 prime?
False
Is 144565999 composite?
True
Is 21253783 composite?
True
Is 5306660761 a prime number